+ (-9)/27. Let z be 3*(-1 + (-6)/k). Let a(d) = d**3 - d**2 - d. What is a(z)?
-1
Let b = 2 + 2. Let u(s) = 6*s + 1 + s - 4 + b. Calculate u(-1).
-6
Let q(m) be the third derivative of -m**2 - 1/24*m**4 - 1/3*m**3 + 0*m + 0. Suppose -4*u = -4*p - 0*p - 12, -5*u = 10. Determine q(p).
3
Let h(i) = i. Let v(d) = 5*d + 6. Let g(z) = 6*h(z) - v(z). Calculate g(5).
-1
Suppose -5*a = -y - 19, -3*a + 2*a - 4*y + 8 = 0. Let h = a + -4. Let j(f) = -f**2 + f + 2. Determine j(h).
2
Let q(k) = -14*k + 4. Let h(n) = 2*n. Let w(i) = -6*h(i) - q(i). What is w(5)?
6
Let k be 9/(36/(-8)) - -4. Let g(z) = 7*z**3 - 9*z**2 + 3. Let j(q) = -3*q**3 + 4*q**2 - 1. Let l(b) = 2*g(b) + 5*j(b). Determine l(k).
1
Let j(z) = 11*z + 5 - 3*z - z**2 - 4*z. Let q be 5 + 0 + -2 - -2. Give j(q).
0
Let r(d) be the third derivative of 5/6*d**3 + 0 - 5*d**2 + 1/12*d**4 + 0*d. Give r(-4).
-3
Let m(z) be the second derivative of z**5/20 + 2*z**4/3 - 3*z**2 + 15*z. Calculate m(-8).
-6
Let f(m) be the third derivative of 5/6*m**3 + 0*m - 1/4*m**4 + 0 + 3*m**2 + 1/60*m**5. Determine f(6).
5
Let t(k) = -k**3 - k**2 + 3*k - 4. Let i be t(-3). Let b(z) = -3*z - 4*z**2 + 10*z + 3 + i*z**2 - 1. Determine b(-3).
-10
Let r(d) = -d + 19. Let f be r(17). Suppose 0 = 7*a - 2*a - 10. Let w(x) = a*x + f*x**2 - x**2 - 3*x. Give w(1).
0
Suppose 4 = -3*n + 22. Let r(v) = -v + 4. Let a be r(n). Let w(l) = 4*l - 4*l + 4*l + 2 - 2*l. Calculate w(a).
-2
Suppose -s - 2 = 5*o, -2*s - 2*s - 2*o + 10 = 0. Suppose n = -s*n - 8. Let f be (-48)/(-18)*(-3)/n. Let g(v) = v**3 - 3*v**2 - 3*v - 2. Give g(f).
2
Let i(a) = 2*a + 1. Suppose 7 = -5*k - 0*k - 4*f, -5*k - 10 = 5*f. Determine i(k).
3
Let y(f) = -f - 9. Suppose 6*i = 2*i. Suppose -2*h - 3 - 9 = i. What is y(h)?
-3
Let u(y) be the third derivative of -y**6/120 + y**5/15 - y**4/24 + y**3/2 + 3*y**2. Determine u(4).
-1
Let m(j) = j**2 - 3*j - 2. Let y be (1 - -1) + 0 + 4. Suppose 2*b - 2 = -3*n, 0*b - 4*n + y = b. Determine m(b).
8
Let h be (-17)/2 + 0 - 39/(-26). Let z(p) = p**3 + 8*p**2 + 4*p - 8. Give z(h).
13
Let n(d) be the third derivative of d**5/60 - 7*d**4/24 + d**3/6 + 28*d**2. Calculate n(6).
-5
Let r(c) = -c**2 - 3*c + 3. Suppose 25 = -j - 4*j. Let m be 7/(-4) - j/(-20). Let u = 4 + m. Calculate r(u).
-7
Let c = 32 - 26. Let v(r) be the second derivative of r**5/20 - 7*r**4/12 + r**3 + 2*r**2 + r. What is v(c)?
4
Suppose 4*t - 4*s = 2*t - 30, -5*t - 30 = -s. Let f(u) be the first derivative of 1/3*u**3 - 3*u + 3*u**2 - 2. What is f(t)?
-8
Let o = 4 + -2. Let k(r) = -3*r + 3. What is k(o)?
-3
Let z(v) = v + 1. Suppose 0 = -o + 3*o + 4. Let k be z(o). Let r(h) = 5*h**3 + h**2 - 1. Give r(k).
-5
Suppose -v + 2 = -0*v. Let d(f) be the first derivative of f**5/60 + 5*f**3/3 + 2. Let r(a) be the third derivative of d(a). Calculate r(v).
4
Let a = -3 - -5. Let l be -1*-1*a - -3. Suppose l*g + 20 = -0*g. Let m(w) = 2*w**2 + 6*w + 1. Determine m(g).
9
Let m(l) be the third derivative of -1/6*l**4 + 0*l**3 + 0*l + 0 - 8*l**2. Give m(-3).
12
Let g(n) = n - 5. Let s be g(4). Let z(x) = -9*x**3 + x**2 - x - 1. Determine z(s).
10
Let l(r) = 3*r + 0*r - 6 - 4*r. Let p(u) = u**3 - 6*u**2 - 2*u + 7. Let t be p(6). Give l(t).
-1
Let z(p) = 5 + 4*p**2 - 2*p - p + 0*p**2 - p**3. Suppose 4*w - 14 - 13 = 5*o, -4*o = 12. Suppose 4*d - 4 = w*d. Determine z(d).
-7
Let v be 15/2 - 9/18. Let m(u) = -u + 3. What is m(v)?
-4
Let n(i) = 6*i**2 - i - 1. Suppose -15 = 3*x, 2*q + 3*q - 15 = 4*x. Calculate n(q).
6
Let v(y) = y**3 + 7*y**2 + 6*y + 3. Let p be ((-5)/2)/5*-2. Let o = p - 7. Determine v(o).
3
Let i(y) be the first derivative of -y**3/3 + 3*y**2/2 - 2*y - 3. Let n(g) be the first derivative of i(g). Let t be 6*1*(-2)/(-3). Determine n(t).
-5
Let c(q) be the second derivative of -q**4/12 - 2*q**3/3 + 5*q. Calculate c(-4).
0
Let d = 2 + -8. Let p(q) = -q - 2. Calculate p(d).
4
Let c be (2/(-5))/((-1)/5). Suppose 4*a + 5*l = 1, -5*a - 8*l + 3*l + 5 = 0. Suppose c*d + a + 2 = 0. Let b(j) = -j - 4. Calculate b(d).
-1
Let z(v) = -v**3 + v**2 - v - 14. Let m(x) = -x**3 - 4*x**2 + 3*x - 10. Let t be m(-5). Give z(t).
-14
Let m(y) = y**3 - 5*y**2 - 2. Let r(k) = -k - 17. Let z be r(-13). Let i(o) = -o**3 + 6*o**2 + o + 2. Let j(b) = z*m(b) - 3*i(b). Determine j(2).
-4
Let m(p) = 24*p + 1. Let s(x) = -x**3 + 11*x**2 + 1. Let t be s(11). What is m(t)?
25
Let l(a) = 3*a - 3. Let z(p) = -p**3 - p**2 + 3. Let c be z(0). Calculate l(c).
6
Let d(p) = p**2 + 3*p. Let v be ((-7)/((-28)/(-16)))/(3 - 1). Determine d(v).
-2
Let b(w) = w + 6. Let o(f) = 4*f + 24. Let c(p) = 9*b(p) - 2*o(p). Give c(6).
12
Let y(m) = m. Let h(o) be the first derivative of 7*o**2/2 - 2*o + 3. Let j(z) = h(z) - 6*y(z). What is j(-5)?
-7
Let j(q) = 3*q**2 + 2*q + 1. Let g(y) = -23*y**3 + 2*y + 1. Let u be g(-1). Let s = u + -24. What is j(s)?
9
Let k(i) = 6*i**2 + 3*i + 4. Let g(p) = p - 3*p - 2*p**2 - 3 - 3*p**2. Let a(y) = -5*g(y) - 4*k(y). Calculate a(3).
2
Let h be 4/(-9) - (-70)/36. Let q(m) be the second derivative of 0 - h*m**2 - 4*m + 1/6*m**3. Calculate q(-4).
-7
Let d(l) be the second derivative of -1/12*l**4 + 1/3*l**3 + 0 + 4*l + 2*l**2. Suppose 9 = 5*j + 24. Calculate d(j).
-11
Let h(a) = -10*a + 8*a + 3 - 3 - a**2. Determine h(-3).
-3
Let s(h) = h**3 - 5*h**2 + 6*h - 6. Let m be s(4). Let r be (m - 0 - 4)*-3. Let y = -4 + r. Let p(q) = q**2 + 1. Give p(y).
5
Let z(g) be the third derivative of -5/6*g**3 - 1/24*g**4 + 3*g**2 + 0*g + 0. Let q be z(-4). Let t(d) = -d**3 - d**2 + 1. What is t(q)?
1
Let v(n) = -n**2 + 7*n - 10. Let p be v(5). Let w(t) be the third derivative of 0 - 1/24*t**4 + p*t - 2*t**3 + 4*t**2. What is w(0)?
-12
Let n = 43 + -45. Let l(d) = -d + 1. Determine l(n).
3
Suppose 0*w + 2*w - 14 = 0. Let s(o) = o - 7. What is s(w)?
0
Let y be 2*(2 - 3/6). Suppose -4*o + 2*o = -4. Let l(v) = -2*v**o + 3*v + 3 + 3*v**2 - 2*v**2. Calculate l(y).
3
Let r(i) = -i**2 - 5*i - 3. Suppose 0 = -5*a + 3*y - 17 + 2, -3*y + 9 = -3*a. Give r(a).
3
Suppose -5*r + 9 = -6. Let w(f) = 3*f. Determine w(r).
9
Let l(f) = 61 - 60 - 3*f + 2*f. Determine l(0).
1
Suppose -n = -0*n - 2. Let i(d) = 0 + 2 - 2*d - n*d + d. Calculate i(2).
-4
Let y(j) = 0 - j + 10*j - 4*j - 1. Calculate y(-1).
-6
Let u(m) = 2 - m**2 + 0 + 2. Let p be u(-3). Let i(t) = -t - 5. What is i(p)?
0
Suppose 6*c = -9 - 15. Let n(d) = d**2 + 3*d - 1. Give n(c).
3
Suppose 3*k + 12 = -v - 7, -5*k = -v + 29. Let m(s) = -s**3 - 5*s**2 + 9*s + 6. Determine m(k).
-12
Let w(l) = l**3 + 3*l**2 - l + 3. Suppose -5*g = -0*g - 40. Let q = g + -11. Determine w(q).
6
Suppose -2*v - 4 = -12. Let m(g) = 3*g**3 + 1 + 0 - 3*g**2 - v*g**3. What is m(-3)?
1
Suppose 4*l - 2*l - 2*g = 0, -2*g + 25 = 3*l. Let z be -3 + -8*(2 - 3). Let m(w) = 4*w**2 + 0*w**3 + z*w + 0*w**2 - w**3. What is m(l)?
0
Let j = 2 - 5. Let s(g) = 2*g + 2. Let f(i) = i**2 - i - 2. Let u(z) = j*f(z) - 2*s(z). Give u(2).
-12
Suppose 2*w - 5 = -1. Let y be (w - -1)/(0 - -1). Let t(n) = 2*n - 2. Determine t(y).
4
Let i(t) be the third derivative of 6*t**2 + 5/24*t**4 + 0*t**3 + 0*t + 0. Give i(1).
5
Let h = 1 - 5. Let b(l) be the third derivative of -5/24*l**4 + 0 - 3*l**2 + 1/20*l**5 + 0*l - 5/6*l**3 + 1/120*l**6. Calculate b(h).
-1
Let x(b) = -b**3 - 4*b**2 - 2*b. Let m be x(-3). Let h(n) = -n. Let o(a) = -a - 1. Let v(w) = h(w) - 2*o(w). What is v(m)?
-1
Let h(q) = q**3 + 6*q**2 + 7*q + 5. Suppose -5*y - 12 = 13. What is h(y)?
-5
Suppose 4*f + 6*d - 6 = d, 4 = -f - 4*d. Suppose -2*a = z - 8, 5*z = -f*a + 2*z + 20. Let b(q) = 5*q - 3. Determine b(a).
7
Suppose 3*y + 6 = 3*z, y - 8 = 2*z - 6*z. Let f(s) = -s**2 - 2 + y + 0 - 4*s. What is f(-5)?
-7
Let m = 2 + 3. Let i(q) = -q - 3. Let r(h) = -2*h - 3. Let b(g) = -4*i(g) + 3*r(g). Determine b(m).
-7
Let w(j) = -j - 9. Let h be w(-8). Let c(b) be the first derivative of -5*b**4/4 + b**3/3 + 1. Determine c(h).
6
Let d(n) = -2*n**3 - n**2 + n. Let r(m) = -m**3 + 2*m**2 - 2*m - 2. Let o be r(2). Let f be o/4 + 9/2. Let a(k) = -k + 1. Let x be a(f). Give d(x).
10
Let g(s) = -s**3 + 7*s**2 - 5*s + 3. Let y(v) = v**2 - 13*v - 24. Let n be y(15). Give g(n).
9
Suppose 2 - 3 = -t, t + 11 = 3*c. Let w(b) = 4*b**2 - 7*b**2 + c*b**2 + 4*b. Give w(-4).
0
Let v(p) = -p**2 + 2*p - p + 5 + 0*p. Let l be v(0). Let k(b) = -b**2 + 7*b - 6. Calculate k(l).
4
Let 